 + 52 = 10. What is the greatest common divisor of i and j?
14
Let l = -2772 - -3178. What is the greatest common divisor of 1450 and l?
58
Suppose 15 = 5*c - q, -4*c + q = -22 + 10. Suppose 4*i + c = 5*i, -3*w = 3*i - 183. Calculate the greatest common factor of w and 638.
58
Suppose 502*o - 523*o + 4284 = 0. What is the highest common factor of 544 and o?
68
Let c(q) = -q**3 - 5*q**2 - q - 2. Let p be c(-5). Suppose 3*b = p, -4*b = -2*y + 5*y - 460. Calculate the highest common factor of 19 and y.
19
Let k be 16/40*185*(-1)/(-2). Suppose 0*z + l + k = 2*z, 5*l = 3*z - 38. Calculate the highest common factor of 231 and z.
21
Let t = 207 + -67. Let w = 182106 + -182036. What is the highest common divisor of w and t?
70
Suppose -38*p - 147152 = -151256. Let d(v) = 2*v**3 - 8*v**2 + 2*v + 6. Let f be d(6). Calculate the highest common factor of f and p.
54
Let p = 475 - 484. Let t(x) = -x**3 - 8*x**2 + 9*x + 5. Let o be t(p). What is the greatest common divisor of o and 3?
1
Let y = -268 + 272. Suppose -k + y = -11. Suppose -c - 15 = -6*c. Calculate the highest common divisor of k and c.
3
Let a = 3495 - 3489. What is the greatest common factor of 981 and a?
3
Let y be 5825/11*42/35 - (-6)/11. What is the greatest common factor of y and 424?
212
Let w be (-1)/(6 - 5)*(-9 - 12). Calculate the highest common divisor of 48 and w.
3
Suppose -11*l + 9368 + 620 = 1848. What is the greatest common factor of 260 and l?
20
Suppose 3*p = -7 + 4. Let g be p*14*((-15)/2)/15. What is the highest common divisor of g and 35?
7
Suppose -3*d = -4*d - 1508 + 1523. Let t be 348/16 + 2/8. Suppose -4*s + 95 = -5*j + 35, s - 3*j - t = 0. Calculate the greatest common factor of d and s.
5
Let l = 1264 - 1240. Let w = -45 + 31. Let y = w + 26. What is the highest common divisor of l and y?
12
Suppose -4*v + 3*h = -0*v - 189, 0 = -5*v - 5*h + 210. Suppose -624*f + 13013 + 198 = -14869. What is the greatest common divisor of f and v?
45
Let a = 1303 + -1275. Calculate the highest common factor of a and 2324.
28
Suppose -3*i + 330 = 2*s, -3*s - 474 = -14*i + 10*i. What is the highest common factor of 380 and i?
38
Let g(p) = -4*p - 52. Let i be g(-11). Let u be (1/2)/((-207)/26 - i). Suppose 0 = -4*f + 103 + 1. Calculate the greatest common divisor of f and u.
13
Let o be -2*(18/(-4) + 3). Suppose -o*r + 4 = -r. Let i be 4*(65/46 - 1*(-24)/276). Calculate the highest common factor of i and r.
2
Suppose z - 12 = 79. Let v be -4 - 102*(-48)/288. Calculate the greatest common divisor of z and v.
13
Let n(g) = 2*g - 2 - 23*g**2 - 3*g**3 + 1 + 5*g**3 + 7*g. Let y be n(9). Let x be ((-2)/5)/(6 - (-1955)/y). What is the greatest common factor of x and 286?
26
Let v be (-8)/(-4) - (-1 + -1 + 0). Suppose -4*j + 65 = -5*u - v, 3*u = -4*j + 93. What is the greatest common factor of j and 112?
7
Suppose 10*m = -5008 + 23356 + 2472. Calculate the greatest common divisor of 24 and m.
6
Let h be 23/(1*(-1)/(-2)). Suppose -v = -3*x - 320, 0 = 3*v - 2*x - 1172 + 261. What is the greatest common divisor of h and v?
23
Let o = 15 + -4. Let x(l) = -l**3 + 12*l**2 - 5*l + 9. Let w be x(o). Suppose -j = -2*j + w. What is the greatest common factor of 30 and j?
15
Suppose 0 = 6*s + 3 - 21. Suppose s*z - 5*j - 11 = -71, -j = -3. Let y be ((-40)/z - 2)/((-2)/(-15)). What is the greatest common divisor of 15 and y?
5
Suppose 32*d = 37*d - 5*t - 4525, d - 901 = -t. What is the greatest common divisor of 2193 and d?
129
Let o be 11 + (-2643)/(-12) - (-2)/(-8). Let m = 4 + 95. What is the highest common factor of m and o?
33
Let l(a) = a**2 + 14*a + 58. Let k be l(-16). What is the highest common divisor of k and 108?
18
Let x(g) = -5*g - 230. Let v be x(-48). Suppose 0 = -3*y - y + 3*a + 2809, 2*y + 4*a = 1388. What is the highest common divisor of v and y?
10
Let u be (-20)/(-2)*1/5*5. Suppose -5*o - 2*r = -202, 5*r = -3*o + 115 + u. Calculate the greatest common divisor of 50 and o.
10
Suppose 2*c + 11 - 3 = 0, -5*s + 2*c - 12 = 0. Let v be 10/55 + s/22. Suppose 6*i + 0*i - 966 = v. What is the greatest common divisor of i and 23?
23
Suppose 4*j - 76 = -5*i, -2*i + 20 = -2*j + 4. What is the highest common divisor of 219 and i?
3
Suppose -132 = -215*k + 211*k. Calculate the greatest common divisor of 1353 and k.
33
Suppose -t = g + 10, 0 = -104*t + 99*t - 2*g - 65. Suppose -n + 25 = -0*n. Let h be 5765/n + (-6)/t. Calculate the highest common factor of 21 and h.
21
Let a(q) = q**3 + 13*q**2 - 2*q - 14. Suppose -114*k - 26 = -112*k. Let z be a(k). What is the greatest common divisor of 60 and z?
12
Let y = 35 - 29. Let w be (-9422)/(-42) - 2/y. Suppose 17*b + 128 = 21*b. What is the greatest common divisor of b and w?
32
Let v(o) = 70*o**2 + 10*o + 9. Let k be v(-1). Let m be ((-3)/(-4))/((-15)/(-9660)). Calculate the greatest common factor of m and k.
69
Suppose 5*a - k = 215, -15*a + 16*a - k = 47. Calculate the highest common divisor of 72 and a.
6
Let x(g) = -g + 16. Let n be x(-7). Suppose 0 = -24*l + n*l + 30. What is the greatest common divisor of l and 36?
6
Suppose -m - 148 = -5*w, -2*m = -w + 6*w - 139. Suppose 19*g = 17*g + 24. Let l be g/(-42) + (-4470)/(-14). What is the greatest common divisor of w and l?
29
Let z = 3887 + -3779. Calculate the highest common factor of 192 and z.
12
Let p = -293 + 313. Suppose 41*w - p*w - 1995 = 0. Calculate the highest common factor of 15 and w.
5
Suppose 124*k + 23*k = 78939. Calculate the highest common divisor of 15 and k.
3
Suppose 33*p - 34*p = 22. Let a = p + 90. Calculate the greatest common factor of a and 17.
17
Let g be 6/(-4) - 27/(-6). Let u(n) = 3*n**2 - 6. Let w be u(-5). Let i = 84 - w. What is the greatest common factor of i and g?
3
Suppose -10*h + 915 = -635. Suppose -w - a + 66 = 0, 5*a + 0*a = 20. What is the greatest common divisor of w and h?
31
Let g = 1718 - 1565. Calculate the highest common factor of g and 34.
17
Let f be (-2)/(0 - -8) + (-708)/(-16). Let h = -64 + f. Let l be ((-4)/(-16))/((-1)/h). What is the highest common divisor of l and 20?
5
Suppose -16*o + 4*a = -11*o - 16, -2*a - 2 = -o. Suppose 3*g - 476 = -o*g. What is the greatest common divisor of 238 and g?
34
Suppose 0 = -o - f + 72, 5*o - 7*o + 138 = 5*f. Let p = -69 + o. Suppose 3*m + m - 70 = 2*n, 5*m - 90 = 3*n. What is the greatest common divisor of m and p?
5
Let o = 52 + -56. Let q be -1*(1 + 18/(-8))*o. Let r(c) = c**2 + 4*c + 8. Let d be r(q). Calculate the highest common factor of d and 1.
1
Suppose -n + 23 = -4*n + w, 5*w = -4*n - 18. Let z be -2*(84/8)/n. Suppose 16*j - 142 = 50. Calculate the highest common factor of z and j.
3
Suppose 0 = -u - 3*u - 20. Let x be (u/(-3))/(45/81) - -10. What is the greatest common divisor of 1079 and x?
13
Let z = -184 + 187. Let c be ((-160)/(-7 - z))/(1/2). Calculate the greatest common divisor of 24 and c.
8
Let p be (-4*(-451)/410)/(2/340*2). Calculate the greatest common factor of p and 2074.
34
Let m be ((-4883)/(-57))/(((-4)/3)/(-4)). Let l = m - 227. What is the greatest common factor of 130 and l?
10
Suppose 0 = -168*j + 173*j - 945. Calculate the highest common divisor of j and 483.
21
Suppose 664*p - 1394 = -2*w + 661*p, -p = 2*w - 1398. What is the highest common factor of w and 1300?
100
Let x be 41416/112 - (-51)/238. Calculate the highest common divisor of x and 130.
10
Suppose -1072 = -9*h + 5*h - 4*s, -2*h = -5*s - 571. Let y = 66 + 12. What is the highest common divisor of y and h?
39
Let y = -1788 - -2195. What is the greatest common factor of y and 37?
37
Suppose 17*u - 56 = -11*u. Suppose 5*f - 1128 = -2*c, c + u*f = -0*c + 563. What is the greatest common factor of 26 and c?
13
Suppose 0 = -5*l - 10*b + 9*b + 474, 2*l - 194 = 4*b. What is the greatest common divisor of l and 2413?
19
Suppose -3*k + 4*k = -3. Let t = k + 8. Suppose t*x = 4*x + 1. Calculate the greatest common divisor of 11 and x.
1
Let u = -11921 + 19040. What is the highest common divisor of u and 126?
63
Suppose 3*y + 40 = 6*y - 4*d, 0 = 2*y + 3*d - 38. Let l be ((-3)/2)/(6/(-40)). Calculate the greatest common factor of l and y.
2
Let s be (-468)/65*-3*105/2. Calculate the greatest common factor of 182 and s.
14
Let b(s) = -s**2 + 5*s + 2. Let a be b(5). Let j be 3*(-134)/(-78) + a/(-13). Calculate the highest common d